 Let n(z) = 6*j(z) + y(z). What is n(5)?
6
Suppose 4*w - q + 87 = 0, w + 4*w = 4*q - 106. Let g = 22 + w. Let s(h) = h**2 - 9*h - 14*h + 22*h - 19. What is s(g)?
-19
Let k(g) = -43*g**3 + g**2 + 3*g + 7. Let w(h) = -14*h**3 - h**2 - 2*h + 1. Let z(l) = -k(l) + 3*w(l). What is z(-2)?
-10
Let g(x) be the second derivative of -2*x**3 - x**2/2 - 9*x. Let s = -4438 + 4434. Determine g(s).
47
Let r(x) = x**3 - 3*x**2 - 11*x + 18. Let z = -7959 + 7963. Calculate r(z).
-10
Let z(n) be the second derivative of -n**3 - 21*n**2 + 275*n. Calculate z(-8).
6
Let n(s) = 14*s - 8. Let m = 1521 + -1518. Determine n(m).
34
Let l(n) = n + 9 - 1 - 3*n. Let i = -1653 + 1660. Determine l(i).
-6
Suppose 4*l - 352 = 3*x - 93, 5*x - l + 460 = 0. Let p = x - -89. Let b(w) = -w**3 - 5*w**2 - 3*w + 3. Calculate b(p).
-1
Let f(t) = -2*t**3 + 5*t**2 - 4*t + 2. Let j(k) = -k**3. Let s(x) = -f(x) + j(x). Suppose -2*b - 4*h - 38 = -2, 5 = h. Let n = b - -30. What is s(n)?
-6
Let j(g) = -g**2 - 12*g - 14. Let t = 18 - -2. Suppose -b - 4*s - 30 = 0, -4*b + 8*s = 4*s + t. Determine j(b).
6
Let g(d) = d**2 + 19*d + 73. Let n be g(-17). Let v(y) = 132*y - 47*y - n*y - 36*y. Give v(-3).
-30
Let h(w) = w**3 + 10*w**2 - 5*w + 5. Let t be h(-8). Let r(g) = 88*g + 2 - t*g + 86*g - 5. What is r(-4)?
-7
Let o(q) = -q**2 - 8*q - 4. Suppose -2*w = -6*p + p + 32, -w = 3*p - 6. Let d be (-4 + (-28)/w)*12. Suppose 0 = -b + 2 - d. What is o(b)?
8
Suppose 19*u - 17*u + 5*c - 9 = 0, 6*c - 27 = 3*u. Let a(n) = n**3 + n**2 + 10. Determine a(u).
-8
Let q = 458 + -290. Let i = -165 + q. Let w(t) be the first derivative of t**4/4 - 4*t**3/3 + 3*t**2/2 - 2*t + 2. What is w(i)?
-2
Let c = 2729 + -2727. Let y(m) = 2*m. Let s be y(3). Let w(l) = -3*l + 0 - s + 5 + 2 - 2*l**2. Give w(c).
-13
Let o(l) = 20*l**3 - 7*l**2 - 31*l - 27. Let k(q) = -34*q - 7*q**3 + 18*q**3 - 13 + 18*q - 3*q**2 + 0*q**3. Let b(h) = -11*k(h) + 6*o(h). Give b(-8).
-3
Let n(h) be the third derivative of -2 + 0*h + 1/3*h**3 - 3/8*h**4 + 1/120*h**6 - 1/12*h**5 - 9*h**2. Calculate n(6).
-16
Let c(b) = 39*b - 4. Let u(s) = -28*s + 2. Let y(k) = 3*c(k) + 4*u(k). Give y(-11).
-59
Let l(c) = c**2 - c. Let o be l(-2). Suppose 0*n = -2*n + o. Let w(x) = 38 + 8*x - x**n - 39 - 8*x. What is w(-3)?
26
Let r(q) = -q**2 + 20*q + 25. Let t(g) = -2*g**2 + 41*g + 50. Let n(v) = 5*r(v) - 2*t(v). Determine n(20).
-15
Let s(m) = -57*m**2 + 7*m + 6. Suppose 5*b = 2*k - 28, 661*k = 656*k - b - 11. Give s(k).
-58
Let t(v) = v**3 - 3*v**2 - 3*v + 3. Let c be t(4). Suppose -3*u - c = -u - 3*d, -3*d = u - 10. Let l(s) = 5*s**2 + s. What is l(u)?
6
Let n(f) = 4*f**3 + 2*f**2 - 1. Let w(p) = -3*p**2 + 3*p + 4. Let l be w(3). Let u be (14/(-49))/((-2)/l). Give n(u).
-25
Let s(d) = -21*d + 87. Let r(i) = 62*i - 259. Let n(z) = 3*r(z) + 8*s(z). Determine n(5).
9
Let i(q) be the second derivative of -53*q**5/20 + q**4/12 + q**3/3 + q**2/2 + 400*q - 2. What is i(-1)?
53
Let j(g) = g**3 + 4*g**2 + 7*g + 5. Suppose -3*f - 15 = 37*s - 34*s, -f + 7 = -2*s. Determine j(s).
-23
Let o(x) be the first derivative of -x**3/3 - 4*x**2 + 3*x - 20. Let s = 410 + -417. Give o(s).
10
Let s(k) = -9*k + 52. Suppose -5*i - 66 = 4*v - 31, -v + 14 = -2*i. What is s(v)?
52
Suppose -r - 4*f + 3 = -4, f - 35 = -2*r. Let z(u) = 6*u + 73*u**2 - 25*u**2 - r*u**2 - 3 - 28*u**2. What is z(-6)?
-3
Let m = -8199 - -8189. Let d(a) = a - 35. What is d(m)?
-45
Let m(s) = 6*s + 10*s**2 - 222 + 214 - 6*s**2 + 9*s**2. Let i(f) = 4*f**2 + 2*f - 3. Let x(y) = -7*i(y) + 2*m(y). Calculate x(-3).
-7
Suppose p = u - 9, -5*p = 110*u - 105*u - 5. Let m(r) be the second derivative of r + 0 - r**2 - 1/6*r**4 - r**3. Determine m(p).
-10
Let y(i) = 8*i + 24. Let b = 10881 + -10887. Determine y(b).
-24
Let v(c) = 0*c**2 - 3*c**2 + 4*c + 2*c**2 + 0*c - 5*c + 38. Determine v(6).
-4
Let x(n) be the second derivative of -n**4/12 + n**3/3 + 11*n**2 + 2783*n. Calculate x(5).
7
Suppose -2*b + 4*u = -0*b - 38, 0 = 5*b - 3*u - 116. Let x(r) = 3 + b*r - 10*r - 8*r - 6*r - 4*r. Give x(4).
-9
Let w(v) be the first derivative of -55 - 4/3*v**3 + 1/2*v**2 + 0*v. Determine w(-1).
-5
Let q(m) be the third derivative of m**5/60 + m**4/6 - 2*m**3 + m**2 + 376*m + 1. Suppose 22 = -3*a - d - 3*d, -2*d = 5*a + 32. What is q(a)?
0
Suppose 6 = 3*t - 12. Let u(k) = -13*k**3 - k - t*k**3 + 2*k**3 - 3*k**3. Calculate u(-1).
21
Let h(u) = u + 7. Let v(b) = 27*b - 460. Let x be v(17). Determine h(x).
6
Suppose 16 = -4*z, -2*z - 4 - 20 = -4*k. Suppose 12 = -k*b + 2*b. Let h(j) be the first derivative of -j**2/2 - 2*j + 2020. Determine h(b).
4
Let y(a) be the second derivative of -9*a**5/20 - a**4/6 - a**3/6 + 5*a - 84. Let t(w) = w**3 - 4*w**2 + 2*w + 2. Let i be t(3). Give y(i).
8
Let v be ((-6)/(-4))/(9/18). Let z(y) = 11 + y**3 - 6*y - v*y**2 + 2*y**2 - 3*y**2 + 0*y**2. Determine z(5).
6
Let q(r) = -28610*r - 28587*r + 355 + 57268*r. Calculate q(-5).
0
Let g(l) = -l + 7 + 18 - 42 + 4 + 8. Let b be -6 + 2 + (-1)/(-1). What is g(b)?
-2
Suppose -21 = w + 6. Let v be 2/(75/w - -3). Let a(z) = -z + 4 - v + 7 + 2. Calculate a(0).
4
Let r(i) = 6*i**2 + 10*i - 1. Let y(k) = -k**2 - k. Let s(a) = -r(a) - 3*y(a). Let t(w) = -6*w + 1. Let f(p) = -3*s(p) + 4*t(p). Calculate f(2).
31
Let u(r) = 32*r**3 - r + 4*r**3 - 18*r**3 + 24*r**3. Suppose -4 = -4*t, -270*i + 5*t = -271*i + 4. Determine u(i).
-41
Let c = 4621 - 4620. Let b(g) = -44*g**2 + 2*g - 1. Determine b(c).
-43
Let k be 18/(-4)*728/(-117). Suppose 4*a - 30*u + 34*u = -k, -5*u - 32 = 4*a. Let h(j) = -3*j - 4. Give h(a).
5
Let z(h) = -25*h + h**2 + 18 - 22 - 23 - 1. Calculate z(26).
-2
Let d(x) = -2*x**2 - 16*x - 2. Suppose -391*y + 331*y - 635 + 95 = 0. Calculate d(y).
-20
Let b(z) = z**3 - 3*z**2 - 11*z + 1. Let r = 1262 + -1257. What is b(r)?
-4
Let f(b) = -5*b**3 - 32*b**2 - 22*b - 8. Let y(l) = 11*l**3 + 64*l**2 + 51*l + 16. Let d(t) = -7*f(t) - 3*y(t). Give d(-16).
-8
Let j(k) be the third derivative of -3*k**6/8 - k**5/60 - k**4/24 + k**3/6 + 2141*k**2. Give j(1).
-46
Let s(h) be the third derivative of 5*h**4/6 + 79*h**3/6 - 692*h**2. What is s(-4)?
-1
Let n(v) = v**2 + 40*v + 284. Suppose 0 = -179*t - 4657 - 1560 + 668. Give n(t).
5
Let q(n) = n**2 + n - 2. Let j = -228 + 352. Let r be 1/5 - (-2 - j/(-20)). Let w(t) = t**2 - 2. Let k(a) = r*q(a) + 5*w(a). Determine k(4).
-2
Let h(j) = j**2 - 7*j - 9. Let b(m) = 4*m**2 - 29*m - 40. Let z(k) = -2*b(k) + 9*h(k). Calculate z(4).
-5
Let r(c) = c + 39. Suppose -2198 = -19*d - 2521. Determine r(d).
22
Let u(c) = c + 1. Let f(m) = -m - 1. Let n(o) = 2*f(o) + u(o). Let z = -66 - -69. Suppose -d = z*d - 28. Determine n(d).
-8
Let l = 20916 - 20922. Let j(a) = -2*a**2 - 2*a + 44. What is j(l)?
-16
Suppose 7*k + 132 = -78. Let z = -35 - k. Let t(v) = v + 2. Give t(z).
-3
Let l(z) = -3*z - 6. Let w be l(-4). Suppose w*a + 246 = 78. Let o be (-2)/(8/a) - (-5 + 1). Let t(r) = r - 9. Determine t(o).
2
Suppose 152 = 34*f + 492. Let w be ((-6)/(-2) - 5) + f/(-2). Let k(m) be the second derivative of m**4/6 - m**3/2 - m**2 - m. What is k(w)?
7
Let d(m) = -10*m**2 - 93 + 32*m - m**3 + 24*m**2 - 14*m + 60. Calculate d(15).
12
Let q(j) = -15*j + 26. Let d be ((-22)/66)/(10/45*2/(-8)). What is q(d)?
-64
Suppose 170 = 18*t + 8. Let v(m) = 219 - 75 - 70 - m**2 + t*m - 77. Calculate v(10).
-13
Let w(s) be the first derivative of s**2/2 + 15*s - 273. Determine w(-6).
9
Let c(a) = 6*a + 1. Let n(x) = x**2 - 41*x - 1. Let y(v) = 6*c(v) + n(v). Give y(11).
71
Suppose 2*i + 2*m = -m + 116, 3*i - 164 = -2*m. Suppose 8*f = -12 - i. Let b(j) be the third derivative of j**4/12 + 4*j**3/3 + 14*j**2. Give b(f).
-8
Let t(j) = j**2 - 10*j + 20. Let x(g) = -73*g - 357. Let r be x(-5). What is t(r)?
4
Let v(p) = 828*p**2 + 11*p + 11. Let g be v(-1). Let k(j) = -272*j**2 - 3*j + 2 + g*j**2 - 274*j**2 + j**3 - 279*j**2. Give k(-4).
-2
Let y(l) = 5*l**2 + 5*l - 16. Let x(b) = -4*b**2 - 2*b - 1. Let w(s) = x(s) + y(s). Determine w(3).
1
Let x be (2/60*(29 + -27))/4. Let g(a) be the third derivative of 0*a + 1/6*a**4 + 1/6*a**3 - x*a**5 + 0 + 25*a**2. Calculate g(6).
-11
Let l(j) = j**3 - 2*j**2 + 3. Let c(i) = -6*i**3 + 8*i**2 + 9*i - 7. Let o(p) = c(p) + 5*l(p). Calculate o(-4).
4
Let w(c) = -13*c. Let q be (-2)/6 + 17 + 795/(-45). Let n(m) = m**2 + 8*m + 9. Let s be n(-6